divided by 9014.
9000
Calculate the remainder when 67037536 is divided by 389.
388
Calculate the remainder when 88481 is divided by 646.
625
Calculate the remainder when 64713029 is divided by 59975.
4
What is the remainder when 3183713 is divided by 514?
511
Calculate the remainder when 234598 is divided by 6553.
5243
Calculate the remainder when 6103046 is divided by 4002.
3998
Calculate the remainder when 629147352 is divided by 157.
153
Calculate the remainder when 10246371 is divided by 956.
919
Calculate the remainder when 2930259 is divided by 1293.
321
What is the remainder when 92561 is divided by 874?
791
What is the remainder when 1096086 is divided by 210?
96
What is the remainder when 9081272 is divided by 9081263?
9
Calculate the remainder when 9742195 is divided by 18.
1
What is the remainder when 43608 is divided by 3637?
3601
What is the remainder when 1014910 is divided by 469?
463
What is the remainder when 186834 is divided by 802?
770
What is the remainder when 85084 is divided by 7651?
923
What is the remainder when 68418156 is divided by 10?
6
What is the remainder when 612002 is divided by 611994?
8
What is the remainder when 9748348 is divided by 14?
8
Calculate the remainder when 2115847 is divided by 200.
47
What is the remainder when 2869179 is divided by 89661?
27
What is the remainder when 951459 is divided by 738?
177
What is the remainder when 325633 is divided by 325624?
9
What is the remainder when 955004 is divided by 238745?
24
What is the remainder when 48898509 is divided by 208?
205
What is the remainder when 145004 is divided by 28964?
184
Calculate the remainder when 35925 is divided by 1375.
175
Calculate the remainder when 504042 is divided by 10078.
142
Calculate the remainder when 102874 is divided by 1061.
1018
What is the remainder when 1355186 is divided by 1925?
1911
Calculate the remainder when 767209 is divided by 1668.
1597
Calculate the remainder when 157116944 is divided by 33.
17
Calculate the remainder when 176798 is divided by 3158.
3108
What is the remainder when 780664 is divided by 1162?
962
What is the remainder when 404180 is divided by 80835?
5
Calculate the remainder when 334482 is divided by 9799.
1316
What is the remainder when 2404418 is divided by 15?
8
What is the remainder when 419213 is divided by 1791?
119
Calculate the remainder when 1538072 is divided by 384515.
12
Calculate the remainder when 2536514 is divided by 634124.
18
What is the remainder when 1132399 is divided by 18264?
31
What is the remainder when 47301 is divided by 23590?
121
What is the remainder when 36832998 is divided by 26?
20
Calculate the remainder when 111584 is divided by 2526.
440
Calculate the remainder when 398718 is divided by 2878.
1554
Calculate the remainder when 3362374 is divided by 660.
334
What is the remainder when 74089677 is divided by 565570?
7
Calculate the remainder when 78665 is divided by 53.
13
What is the remainder when 1113081 is divided by 346?
345
Calculate the remainder when 469274497 is divided by 5.
2
What is the remainder when 146771 is divided by 3784?
2979
Calculate the remainder when 171421 is divided by 171229.
192
What is the remainder when 252628 is divided by 1344?
1300
Calculate the remainder when 5086288 is divided by 1954.
26
What is the remainder when 173353 is divided by 4399?
1792
Calculate the remainder when 220553 is divided by 6125.
53
What is the remainder when 61084 is divided by 200?
84
What is the remainder when 34456 is divided by 11484?
4
What is the remainder when 175567 is divided by 2121?
1645
Calculate the remainder when 658274 is divided by 54854.
26
Calculate the remainder when 2298429 is divided by 3415.
134
Calculate the remainder when 34951 is divided by 2510.
2321
What is the remainder when 478986 is divided by 5150?
36
What is the remainder when 21250038 is divided by 21250032?
6
Calculate the remainder when 403680 is divided by 8970.
30
What is the remainder when 228837948 is divided by 32?
28
What is the remainder when 8152587 is divided by 34?
33
What is the remainder when 35345 is divided by 366?
209
Calculate the remainder when 58194 is divided by 735.
129
What is the remainder when 1504948 is divided by 158?
156
What is the remainder when 133426 is divided by 9008?
7314
What is the remainder when 153990 is divided by 1680?
1110
Calculate the remainder when 13071200 is divided by 11.
10
What is the remainder when 1181034 is divided by 95?
89
Calculate the remainder when 3344061 is divided by 197.
183
Calculate the remainder when 77465912 is divided by 1268.
1256
What is the remainder when 7598644 is divided by 759855?
94
What is the remainder when 9653711 is divided by 4826855?
1
What is the remainder when 218958 is divided by 5340?
18
Calculate the remainder when 5657326 is divided by 2083.
1981
Calculate the remainder when 8616417 is divided by 90.
87
What is the remainder when 4573148 is divided by 260?
8
Calculate the remainder when 2657107 is divided by 6435.
5887
Calculate the remainder when 1341750 is divided by 341.
256
What is the remainder when 7191992 is divided by 226?
220
Calculate the remainder when 17499724 is divided by 8749845.
34
Calculate the remainder when 2996074 is divided by 22193.
19
Calculate the remainder when 2029152 is divided by 5203.
5185
Calculate the remainder when 9039345 is divided by 1737.
1734
Calculate the remainder when 14014 is divided by 3509.
3487
What is the remainder when 265716 is divided by 88545?
81
What is the remainder when 8597068 is divided by 21123?
7
Calculate the remainder when 20452331 is divided by 31.
19
Calculate the remainder when 121360 is divided by 479.
173
Calculate the remainder when 205794329 is divided by 51448580.
9
What is the remainder when 57063 is divided by 14108?
631
What is the remainder when 9103706 is divided by 10598?
24
Calculate the remainder when 2519984 is divided by 1126.
1122
Calculate the remainder when 1898028 is divided by 65445.
123
What is the remainder when 3275683 is divided by 2886?
73
Calculate the remainder when 2007289 is divided by 105645.
34
What is the remainder when 931476 is divided by 22?
18
Calculate the remainder when 30275700 is divided by 3196.
3188
What is the remainder when 9740405 is divided by 13?
12
Calculate the remainder when 1004749 is divided by 22835.
9
What is the remainder when 3601797 is divided by 2030?
577
What is the remainder when 182114 is divided by 2168?
2
What is the remainder when 3233545 is divided by 808329?
229
Calculate the remainder when 324521 is divided by 64904.
1
Calculate the remainder when 426097 is divided by 622.
27
What is the remainder when 527612 is divided by 265?
262
What is the remainder when 19019283 is divided by 19192?
11
Calculate the remainder when 304875 is divided by 101221.
1212
What is the remainder when 111916 is divided by 12405?
271
What is the remainder when 5862 is divided by 5706?
156
Calculate the remainder when 2170652 is divided by 10143.
50
What is the remainder when 1824890 is divided by 128?
122
What is the remainder when 7710197 is divided by 7741?
161
Calculate the remainder when 694071205 is divided by 23.
21
Calculate the remainder when 6920452 is divided by 1730111.
8
What is the remainder when 527522 is divided by 263734?
54
What is the remainder when 4914448 is divided by 446768?
0
Calculate the remainder when 437770504 is divided by 145923497.
13
What is the remainder when 62264 is divided by 19000?
5264
Calculate the remainder when 167506703 is divided by 17.
8
Calculate the remainder when 819915 is divided by 123.
120
What is the remainder when 180556 is divided by 638?
2
Calculate the remainder when 51831 is divided by 194.
33
Calculate the remainder when 1648906 is divided by 235556.
14
Calculate the remainder when 2836255 is divided by 488.
487
What is the remainder when 3856228 is divided by 118?
106
What is the remainder when 3094128 is divided by 149?
143
Calculate the remainder when 38083971 is divided by 380.
371
Calculate the remainder when 25401 is divided by 334.
17
What is the remainder when 1012025 is divided by 25?
0
Calculate the remainder when 7354453 is divided by 15.
13
What is the remainder when 24635244 is divided by 13?
10
Calculate th